{"id":5027,"date":"2017-07-31T12:48:04","date_gmt":"2017-07-31T15:48:04","guid":{"rendered":"http:\/\/www.caritasne2.org.br\/?page_id=5027"},"modified":"2022-06-27T12:59:14","modified_gmt":"2022-06-27T15:59:14","slug":"grito-dos-excluidos","status":"publish","type":"page","link":"https:\/\/www.caritasne2.org.br\/site\/mobilizacoes\/grito-dos-excluidos\/","title":{"rendered":"Grito dos Exclu\u00eddos"},"content":{"rendered":"<div id=\"tabs-0\" class=\"ui-tabs-panel ui-widget-content ui-corner-bottom ui-tabs ui-widget ui-corner-all\">\n<p>A proposta do Grito surgiu no Brasil no ano de 1994 e o 1\u00ba Grito dos Exclu\u00eddos foi realizado em setembro de 1995, com o objetivo de aprofundar o tema da Campanha da Fraternidade do mesmo ano, que tinha como lema \u201cEras tu, Senhor\u201d, e responder aos desafios levantados na 2\u00aa Semana Social Brasileira, cujo tema era \u201cBrasil, alternativas e protagonistas\u201d. Em 1999, o Grito rompeu fronteiras e estendeu-se para as Am\u00e9ricas.<\/p>\n<p><strong>O que \u00e9?<\/strong><\/p>\n<p>O Grito dos Exclu\u00eddos \u00e9 uma manifesta\u00e7\u00e3o popular carregada de simbolismo, \u00e9 um espa\u00e7o de\u00a0anima\u00e7\u00e3o e profecia, sempre aberto e plural de pessoas, grupos, entidades, igrejas e movimentos sociais comprometidos com as causas dos exclu\u00eddos. \u00c9\u00a0uma descoberta, uma vez que agentes e lideran\u00e7as apenas abrem um canal para que o Grito sufocado venha a p\u00fablico.<\/p>\n<p>O Grito brota do ch\u00e3o e encontra em seus organizadores suficiente sensibilidade para dar-lhe forma e visibilidade. O Grito n\u00e3o tem um \u201cdono\u201d, n\u00e3o \u00e9 da Igreja, do Sindicato, da Pastoral; n\u00e3o se caracteriza por discursos de lideran\u00e7as, nem pela centraliza\u00e7\u00e3o dos seus atos; o ecumenismo \u00e9 vivido na pr\u00e1tica das lutas, pois entendemos que os momentos e celebra\u00e7\u00f5es ecum\u00eanicas s\u00e3o importantes para fortalecer o compromisso.<\/p>\n<p><strong>Por que o 7 de setembro?<\/strong><\/p>\n<p>\u00c9 o dia da comemora\u00e7\u00e3o da independ\u00eancia do Brasil. Nada melhor do que esta data para refletir sobre a soberania nacional, que \u00e9 o eixo central das mobiliza\u00e7\u00f5es do Grito.<br \/>\nNesta perspectiva, o Grito se prop\u00f5e a superar um patriotismo passivo em vista de uma cidadania ativa e de participa\u00e7\u00e3o, colaborando na constru\u00e7\u00e3o de uma nova sociedade, justa, solid\u00e1ria, plural e fraterna. O Dia da P\u00e1tria, al\u00e9m de um dia de festa e celebra\u00e7\u00e3o, vai se tornando tamb\u00e9m em um dia de consci\u00eancia pol\u00edtica de luta por uma nova ordem nacional e mundial. \u00c9 um dia de sair \u00e0s ruas, comemorar, refletir, reivindicar e lutar. O Grito \u00e9 um processo, que compreende um tempo de prepara\u00e7\u00e3o e pr\u00e9-mobiliza\u00e7\u00e3o, seguido de compromissos concretos que d\u00e3o continuidade \u00e0s atividades.<\/p>\n<p><strong>Objetivos Gerais:<\/strong><\/p>\n<p>Organizar o m\u00e1ximo de a\u00e7\u00f5es que fortale\u00e7am a organiza\u00e7\u00e3o, a mobiliza\u00e7\u00e3o e as lutas populares.<br \/>\nAnunciar, em diferentes lugares, sinais de esperan\u00e7a da constru\u00e7\u00e3o de um mundo melhor a toda popula\u00e7\u00e3o.<br \/>\nDenunciar toda e qualquer injusti\u00e7a cometida pelo sistema capitalista, irradiando a mensagem de que as mudan\u00e7as acontecer\u00e3o com o povo em luta, ocupando pra\u00e7as e ruas por direitos e liberdade.<\/p>\n<div id=\"tabs-4\" class=\"ui-tabs-panel ui-widget-content ui-corner-bottom ui-tabs ui-widget ui-corner-all\"><\/div>\n<div id=\"tabs-5\" class=\"ui-tabs-panel ui-widget-content ui-corner-bottom ui-tabs ui-widget ui-corner-all\">\n<p><img decoding=\"async\" class=\"aligncenter size-large wp-image-9676\" src=\"https:\/\/www.caritasne2.org.br\/wp-content\/uploads\/2022\/06\/grito-dos-excluidos-1024x576.png\" alt=\"\" width=\"700\" srcset=\"https:\/\/www.caritasne2.org.br\/site\/wp-content\/uploads\/2022\/06\/grito-dos-excluidos-1024x576.png 1024w, https:\/\/www.caritasne2.org.br\/site\/wp-content\/uploads\/2022\/06\/grito-dos-excluidos-300x169.png 300w, https:\/\/www.caritasne2.org.br\/site\/wp-content\/uploads\/2022\/06\/grito-dos-excluidos-768x432.png 768w, https:\/\/www.caritasne2.org.br\/site\/wp-content\/uploads\/2022\/06\/grito-dos-excluidos-1536x864.png 1536w, https:\/\/www.caritasne2.org.br\/site\/wp-content\/uploads\/2022\/06\/grito-dos-excluidos-588x330.png 588w, https:\/\/www.caritasne2.org.br\/site\/wp-content\/uploads\/2022\/06\/grito-dos-excluidos.png 1920w\" sizes=\"(max-width: 1024px) 100vw, 1024px\" \/><\/p>\n<\/div>\n<p>&nbsp;<\/p>\n<\/div>\n<ul class=\"ssb_list_wrapper\"><li class=\"fb2\" style=\"width:135px\"><iframe src=\"\/\/www.facebook.com\/plugins\/like.php?href=https%3A%2F%2Fwww.caritasne2.org.br%2Fsite%2Fmobilizacoes%2Fgrito-dos-excluidos%2F&amp;layout=button_count&amp;action=like&amp;show_faces=false&amp;share=true&amp;width=135&amp;height=21&amp;appId=307091639398582\" scrolling=\"no\" frameborder=\"0\" style=\"border:none; overflow:hidden;  width:150px; height:21px;\" allowTransparency=\"true\"><\/iframe><\/li><li class=\"twtr\" style=\"width:90px\"><a href=\"https:\/\/twitter.com\/share\" class=\"twitter-share-button\" data-url=\"https:\/\/www.caritasne2.org.br\/site\/mobilizacoes\/grito-dos-excluidos\/\">&nbsp;<\/a><script>!function(d,s,id){var js,fjs=d.getElementsByTagName(s)[0],p=\/^http:\/.test(d.location)?'http':'https';if(!d.getElementById(id)){js=d.createElement(s);js.id=id;js.src=p+':\/\/platform.twitter.com\/widgets.js';fjs.parentNode.insertBefore(js,fjs);}}(document, 'script', 'twitter-wjs');<\/script><\/li><li class=\"gplus\" style=\"width:68px\"><div class=\"g-plusone\" data-size=\"medium\" data-href=\"https:\/\/www.caritasne2.org.br\/site\/mobilizacoes\/grito-dos-excluidos\/\"><\/div><\/li><li class=\"ssb_linkedin\" style=\"width:64px\"><script src=\"\/\/platform.linkedin.com\/in.js\" type=\"text\/javascript\">lang: en_US<\/script><script type=\"IN\/Share\" data-url=\"https:\/\/www.caritasne2.org.br\/site\/mobilizacoes\/grito-dos-excluidos\/\" data-counter=\"right\"><\/script><\/li><\/ul>","protected":false},"excerpt":{"rendered":"<p>A proposta do Grito surgiu no Brasil no ano de 1994 e o 1\u00ba Grito dos Exclu\u00eddos foi realizado em setembro de 1995, com o objetivo de aprofundar o tema da Campanha da Fraternidade do mesmo ano, que tinha como lema \u201cEras tu, Senhor\u201d, e responder aos desafios levantados na 2\u00aa Semana Social Brasileira, cujo tema era \u201cBrasil, alternativas e protagonistas\u201d. Em 1999, o Grito [&hellip;]<\/p>\n","protected":false},"author":4,"featured_media":5028,"parent":5017,"menu_order":0,"comment_status":"closed","ping_status":"closed","template":"","meta":[],"_links":{"self":[{"href":"https:\/\/www.caritasne2.org.br\/site\/wp-json\/wp\/v2\/pages\/5027"}],"collection":[{"href":"https:\/\/www.caritasne2.org.br\/site\/wp-json\/wp\/v2\/pages"}],"about":[{"href":"https:\/\/www.caritasne2.org.br\/site\/wp-json\/wp\/v2\/types\/page"}],"author":[{"embeddable":true,"href":"https:\/\/www.caritasne2.org.br\/site\/wp-json\/wp\/v2\/users\/4"}],"replies":[{"embeddable":true,"href":"https:\/\/www.caritasne2.org.br\/site\/wp-json\/wp\/v2\/comments?post=5027"}],"version-history":[{"count":0,"href":"https:\/\/www.caritasne2.org.br\/site\/wp-json\/wp\/v2\/pages\/5027\/revisions"}],"up":[{"embeddable":true,"href":"https:\/\/www.caritasne2.org.br\/site\/wp-json\/wp\/v2\/pages\/5017"}],"wp:featuredmedia":[{"embeddable":true,"href":"https:\/\/www.caritasne2.org.br\/site\/wp-json\/wp\/v2\/media\/5028"}],"wp:attachment":[{"href":"https:\/\/www.caritasne2.org.br\/site\/wp-json\/wp\/v2\/media?parent=5027"}],"curies":[{"name":"wp","href":"https:\/\/api.w.org\/{rel}","templated":true}]}}