{"id":50,"date":"2016-11-29T15:05:10","date_gmt":"2016-11-29T18:05:10","guid":{"rendered":"http:\/\/www.redevip.com.br\/demo\/caritasne\/?page_id=50"},"modified":"2024-05-15T12:41:10","modified_gmt":"2024-05-15T15:41:10","slug":"voluntarios","status":"publish","type":"page","link":"https:\/\/www.caritasne2.org.br\/site\/voluntarios\/","title":{"rendered":"Volunt\u00e1rios"},"content":{"rendered":"<p style=\"text-align: justify;\"><span class=\"JsGRdQ\">Ser volunt\u00e1rio \u00e9 muito mais que oferecer uma parte de seu tempo, \u00e9 muito mais que olhar para a necessidade do outro, muito mais que colocar o seu entendimento e experi\u00eancia em benef\u00edcio do todo. Vai al\u00e9m das expectativas do ser humano, \u00e9 colocar em destaque, tanto <strong>para quem doa, tanto para quem recebe<\/strong>. <\/span>Acreditamos que a for\u00e7a da solidariedade \u00e9 capaz de mudar a realidade de milhares de crian\u00e7as, adolescentes, jovens, agricultores\/as, catadores\/ras e empreendedores\/as populares que tanto t\u00eam sofrido com a nega\u00e7\u00e3o dos seus direitos.<\/p>\n<p style=\"text-align: justify;\">Gra\u00e7as ao apoio desses volunt\u00e1rios\/as a C\u00e1ritas Brasileira Regional Nordeste 2 \u00a0tem conseguido realizar nos estados de Alagoas, Pernambuco, Para\u00edba e Rio Grande do Norte um conjunto de iniciativas que visam fortalecer, incluir e, ao mesmo tempo, dar a dignidade necess\u00e1ria \u00a0aos mais desfavorecidos de nossa sociedade.<\/p>\n<p style=\"text-align: justify;\">E, para que essa transforma\u00e7\u00e3o continue favorecendo milhares de benefici\u00e1rios, \u00e9 importante o seu envolvimento, seu engajamento em nosso trabalho. <strong>Vem ser um volunt\u00e1rio C\u00e1ritas, ser um agente de transforma\u00e7\u00e3o social! Contribua tamb\u00e9m para um mundo mais fraterno e menos desigual!<\/strong><\/p>\n<p style=\"text-align: justify;\"><b>Conhe\u00e7a nossa cartilha do <a href=\"https:\/\/www.caritasne2.org.br\/site\/wp-content\/uploads\/2024\/05\/Cartilha-do-Programa-de-Voluntariado-ajustada_11zon-1.pdf\">Programa do Voluntariado da CBNE2<\/a><\/b><\/p>\n<p><img decoding=\"async\" loading=\"lazy\" class=\" wp-image-11299 aligncenter\" src=\"https:\/\/www.caritasne2.org.br\/site\/wp-content\/uploads\/2023\/08\/IMG_8583-300x225.jpeg\" alt=\"\" width=\"505\" height=\"378\" srcset=\"https:\/\/www.caritasne2.org.br\/site\/wp-content\/uploads\/2023\/08\/IMG_8583-300x225.jpeg 300w, https:\/\/www.caritasne2.org.br\/site\/wp-content\/uploads\/2023\/08\/IMG_8583-1024x768.jpeg 1024w, https:\/\/www.caritasne2.org.br\/site\/wp-content\/uploads\/2023\/08\/IMG_8583-768x576.jpeg 768w, https:\/\/www.caritasne2.org.br\/site\/wp-content\/uploads\/2023\/08\/IMG_8583-1536x1152.jpeg 1536w, https:\/\/www.caritasne2.org.br\/site\/wp-content\/uploads\/2023\/08\/IMG_8583-2048x1536.jpeg 2048w\" sizes=\"(max-width: 505px) 100vw, 505px\" \/><\/p>\n<p><img decoding=\"async\" loading=\"lazy\" class=\" wp-image-11304 aligncenter\" src=\"https:\/\/www.caritasne2.org.br\/site\/wp-content\/uploads\/2023\/08\/IMG_8460-2-300x225.jpeg\" alt=\"\" width=\"464\" height=\"348\" srcset=\"https:\/\/www.caritasne2.org.br\/site\/wp-content\/uploads\/2023\/08\/IMG_8460-2-300x225.jpeg 300w, https:\/\/www.caritasne2.org.br\/site\/wp-content\/uploads\/2023\/08\/IMG_8460-2-1024x768.jpeg 1024w, https:\/\/www.caritasne2.org.br\/site\/wp-content\/uploads\/2023\/08\/IMG_8460-2-768x576.jpeg 768w, https:\/\/www.caritasne2.org.br\/site\/wp-content\/uploads\/2023\/08\/IMG_8460-2-1536x1152.jpeg 1536w, https:\/\/www.caritasne2.org.br\/site\/wp-content\/uploads\/2023\/08\/IMG_8460-2-2048x1536.jpeg 2048w\" sizes=\"(max-width: 464px) 100vw, 464px\" \/><\/p>\n<p><img decoding=\"async\" loading=\"lazy\" class=\" wp-image-12217 aligncenter\" src=\"https:\/\/www.caritasne2.org.br\/site\/wp-content\/uploads\/2024\/05\/Banco-de-Imagens-CBNE2-15Voluntariiado-300x225.jpeg\" alt=\"\" width=\"478\" height=\"358\" srcset=\"https:\/\/www.caritasne2.org.br\/site\/wp-content\/uploads\/2024\/05\/Banco-de-Imagens-CBNE2-15Voluntariiado-300x225.jpeg 300w, https:\/\/www.caritasne2.org.br\/site\/wp-content\/uploads\/2024\/05\/Banco-de-Imagens-CBNE2-15Voluntariiado-1024x768.jpeg 1024w, https:\/\/www.caritasne2.org.br\/site\/wp-content\/uploads\/2024\/05\/Banco-de-Imagens-CBNE2-15Voluntariiado-768x576.jpeg 768w, https:\/\/www.caritasne2.org.br\/site\/wp-content\/uploads\/2024\/05\/Banco-de-Imagens-CBNE2-15Voluntariiado-1536x1152.jpeg 1536w, https:\/\/www.caritasne2.org.br\/site\/wp-content\/uploads\/2024\/05\/Banco-de-Imagens-CBNE2-15Voluntariiado-2048x1536.jpeg 2048w\" sizes=\"(max-width: 478px) 100vw, 478px\" \/><\/p>\n<p>&nbsp;<\/p>\n<p>&nbsp;<\/p>\n<ul class=\"ssb_list_wrapper\"><li class=\"fb2\" style=\"width:135px\"><iframe src=\"\/\/www.facebook.com\/plugins\/like.php?href=https%3A%2F%2Fwww.caritasne2.org.br%2Fsite%2Fvoluntarios%2F&amp;layout=button_count&amp;action=like&amp;show_faces=false&amp;share=true&amp;width=135&amp;height=21&amp;appId=307091639398582\" scrolling=\"no\" frameborder=\"0\" style=\"border:none; overflow:hidden;  width:150px; height:21px;\" allowTransparency=\"true\"><\/iframe><\/li><li class=\"twtr\" style=\"width:90px\"><a href=\"https:\/\/twitter.com\/share\" class=\"twitter-share-button\" data-url=\"https:\/\/www.caritasne2.org.br\/site\/voluntarios\/\">&nbsp;<\/a><script>!function(d,s,id){var js,fjs=d.getElementsByTagName(s)[0],p=\/^http:\/.test(d.location)?'http':'https';if(!d.getElementById(id)){js=d.createElement(s);js.id=id;js.src=p+':\/\/platform.twitter.com\/widgets.js';fjs.parentNode.insertBefore(js,fjs);}}(document, 'script', 'twitter-wjs');<\/script><\/li><li class=\"gplus\" style=\"width:68px\"><div class=\"g-plusone\" data-size=\"medium\" data-href=\"https:\/\/www.caritasne2.org.br\/site\/voluntarios\/\"><\/div><\/li><li class=\"ssb_linkedin\" style=\"width:64px\"><script src=\"\/\/platform.linkedin.com\/in.js\" type=\"text\/javascript\">lang: en_US<\/script><script type=\"IN\/Share\" data-url=\"https:\/\/www.caritasne2.org.br\/site\/voluntarios\/\" data-counter=\"right\"><\/script><\/li><\/ul>","protected":false},"excerpt":{"rendered":"<p>Ser volunt\u00e1rio \u00e9 muito mais que oferecer uma parte de seu tempo, \u00e9 muito mais que olhar para a necessidade do outro, muito mais que colocar o seu entendimento e experi\u00eancia em benef\u00edcio do todo. Vai al\u00e9m das expectativas do ser humano, \u00e9 colocar em destaque, tanto para quem doa, tanto para quem recebe. Acreditamos que a for\u00e7a da solidariedade \u00e9 capaz de mudar a [&hellip;]<\/p>\n","protected":false},"author":1,"featured_media":11304,"parent":0,"menu_order":0,"comment_status":"closed","ping_status":"closed","template":"template-page-linha-de-atuacao.php","meta":[],"_links":{"self":[{"href":"https:\/\/www.caritasne2.org.br\/site\/wp-json\/wp\/v2\/pages\/50"}],"collection":[{"href":"https:\/\/www.caritasne2.org.br\/site\/wp-json\/wp\/v2\/pages"}],"about":[{"href":"https:\/\/www.caritasne2.org.br\/site\/wp-json\/wp\/v2\/types\/page"}],"author":[{"embeddable":true,"href":"https:\/\/www.caritasne2.org.br\/site\/wp-json\/wp\/v2\/users\/1"}],"replies":[{"embeddable":true,"href":"https:\/\/www.caritasne2.org.br\/site\/wp-json\/wp\/v2\/comments?post=50"}],"version-history":[{"count":11,"href":"https:\/\/www.caritasne2.org.br\/site\/wp-json\/wp\/v2\/pages\/50\/revisions"}],"predecessor-version":[{"id":12221,"href":"https:\/\/www.caritasne2.org.br\/site\/wp-json\/wp\/v2\/pages\/50\/revisions\/12221"}],"wp:featuredmedia":[{"embeddable":true,"href":"https:\/\/www.caritasne2.org.br\/site\/wp-json\/wp\/v2\/media\/11304"}],"wp:attachment":[{"href":"https:\/\/www.caritasne2.org.br\/site\/wp-json\/wp\/v2\/media?parent=50"}],"curies":[{"name":"wp","href":"https:\/\/api.w.org\/{rel}","templated":true}]}}