{"id":12,"date":"2016-11-29T14:40:57","date_gmt":"2016-11-29T16:40:57","guid":{"rendered":"http:\/\/www.redevip.com.br\/demo\/caritasne\/?page_id=12"},"modified":"2024-04-17T19:22:28","modified_gmt":"2024-04-17T22:22:28","slug":"gestao","status":"publish","type":"page","link":"https:\/\/www.caritasne2.org.br\/site\/gestao\/","title":{"rendered":"Gest\u00e3o"},"content":{"rendered":"<h2>C\u00e1ritas Brasileira Regional NE2 (AL, PB, PE, RN)<\/h2>\n<p><span style=\"font-size: 18.6667px;\"><b>Secret\u00e1ria Executiva Regional<\/b><\/span><\/p>\n<p>Neilda Pereira da Silva<\/p>\n<h3>Bispo Referencial do Regional NE2<\/h3>\n<p>Dom Frei Manoel Delson Pedreira da Cruz \u2013 OFMCap<\/p>\n<p>Arcebispo da Para\u00edba (PB)<\/p>\n<h3>Coordena\u00e7\u00e3o Colegiada Regional<\/h3>\n<p>Daniel Lins- Assessor Regional Jur\u00eddico e de Incid\u00eancia Pol\u00edtica<\/p>\n<h3>Conselho Regional<\/h3>\n<p>Itamar de Carvalho | C\u00e1ritas Diocesana de Pesqueira (Presidente)<\/p>\n<p>Jos\u00e9 Carlos Silva | C\u00e1ritas Diocesana de Caic\u00f3 (Vice-presidente)<\/p>\n<p>Charles Andr\u00e9 Bezerra | C\u00e1ritas Diocesana de Caic\u00f3 (Secret\u00e1rio)<\/p>\n<p>Ricardo Soares | C\u00e1ritas Diocesana de Campina Grande (Titular)<\/p>\n<p>Severino Ramos | Funda\u00e7\u00e3o Monsenhor Petronilo Pedrosa (Suplente)<\/p>\n<p>Gilsa Dias | C\u00e1ritas Diocesana de Mossor\u00f3 (Suplente)<\/p>\n<ul class=\"ssb_list_wrapper\"><li class=\"fb2\" style=\"width:135px\"><iframe src=\"\/\/www.facebook.com\/plugins\/like.php?href=https%3A%2F%2Fwww.caritasne2.org.br%2Fsite%2Fgestao%2F&amp;layout=button_count&amp;action=like&amp;show_faces=false&amp;share=true&amp;width=135&amp;height=21&amp;appId=307091639398582\" scrolling=\"no\" frameborder=\"0\" style=\"border:none; overflow:hidden;  width:150px; height:21px;\" allowTransparency=\"true\"><\/iframe><\/li><li class=\"twtr\" style=\"width:90px\"><a href=\"https:\/\/twitter.com\/share\" class=\"twitter-share-button\" data-url=\"https:\/\/www.caritasne2.org.br\/site\/gestao\/\">&nbsp;<\/a><script>!function(d,s,id){var js,fjs=d.getElementsByTagName(s)[0],p=\/^http:\/.test(d.location)?'http':'https';if(!d.getElementById(id)){js=d.createElement(s);js.id=id;js.src=p+':\/\/platform.twitter.com\/widgets.js';fjs.parentNode.insertBefore(js,fjs);}}(document, 'script', 'twitter-wjs');<\/script><\/li><li class=\"gplus\" style=\"width:68px\"><div class=\"g-plusone\" data-size=\"medium\" data-href=\"https:\/\/www.caritasne2.org.br\/site\/gestao\/\"><\/div><\/li><li class=\"ssb_linkedin\" style=\"width:64px\"><script src=\"\/\/platform.linkedin.com\/in.js\" type=\"text\/javascript\">lang: en_US<\/script><script type=\"IN\/Share\" data-url=\"https:\/\/www.caritasne2.org.br\/site\/gestao\/\" data-counter=\"right\"><\/script><\/li><\/ul>","protected":false},"excerpt":{"rendered":"<p>C\u00e1ritas Brasileira Regional NE2 (AL, PB, PE, RN) Secret\u00e1ria Executiva Regional Neilda Pereira da Silva Bispo Referencial do Regional NE2 Dom Frei Manoel Delson Pedreira da Cruz \u2013 OFMCap Arcebispo da Para\u00edba (PB) Coordena\u00e7\u00e3o Colegiada Regional Daniel Lins- Assessor Regional Jur\u00eddico e de Incid\u00eancia Pol\u00edtica Conselho Regional Itamar de Carvalho | C\u00e1ritas Diocesana de Pesqueira (Presidente) Jos\u00e9 Carlos Silva | C\u00e1ritas Diocesana de Caic\u00f3 (Vice-presidente) [&hellip;]<\/p>\n","protected":false},"author":1,"featured_media":0,"parent":0,"menu_order":0,"comment_status":"closed","ping_status":"closed","template":"","meta":[],"_links":{"self":[{"href":"https:\/\/www.caritasne2.org.br\/site\/wp-json\/wp\/v2\/pages\/12"}],"collection":[{"href":"https:\/\/www.caritasne2.org.br\/site\/wp-json\/wp\/v2\/pages"}],"about":[{"href":"https:\/\/www.caritasne2.org.br\/site\/wp-json\/wp\/v2\/types\/page"}],"author":[{"embeddable":true,"href":"https:\/\/www.caritasne2.org.br\/site\/wp-json\/wp\/v2\/users\/1"}],"replies":[{"embeddable":true,"href":"https:\/\/www.caritasne2.org.br\/site\/wp-json\/wp\/v2\/comments?post=12"}],"version-history":[{"count":3,"href":"https:\/\/www.caritasne2.org.br\/site\/wp-json\/wp\/v2\/pages\/12\/revisions"}],"predecessor-version":[{"id":12085,"href":"https:\/\/www.caritasne2.org.br\/site\/wp-json\/wp\/v2\/pages\/12\/revisions\/12085"}],"wp:attachment":[{"href":"https:\/\/www.caritasne2.org.br\/site\/wp-json\/wp\/v2\/media?parent=12"}],"curies":[{"name":"wp","href":"https:\/\/api.w.org\/{rel}","templated":true}]}}